 9 a factor of 18819?
True
Is 61 a factor of 50264?
True
Is 11 a factor of 89980?
True
Does 21 divide 4239?
False
Is 45990 a multiple of 63?
True
Is 30070 a multiple of 62?
True
Does 14 divide 225?
False
Is 13 a factor of 1366?
False
Does 99 divide 6580?
False
Is 16 a factor of 1952?
True
Is 3552 a multiple of 48?
True
Is 201 a factor of 62258?
False
Is 2998 a multiple of 13?
False
Is 3664 a multiple of 8?
True
Is 54 a factor of 5807?
False
Is 21 a factor of 1575?
True
Does 49 divide 9506?
True
Is 3 a factor of 91?
False
Does 3 divide 428?
False
Is 219 a factor of 95905?
False
Is 55 a factor of 7370?
True
Is 41 a factor of 15203?
False
Is 55487 a multiple of 44?
False
Is 2 a factor of 158?
True
Does 33 divide 1485?
True
Is 4700 a multiple of 12?
False
Is 18670 a multiple of 10?
True
Does 12 divide 37908?
True
Does 14 divide 22677?
False
Does 27 divide 1635?
False
Does 15 divide 5925?
True
Is 2 a factor of 42?
True
Is 7 a factor of 98?
True
Does 3 divide 81?
True
Is 34 a factor of 9044?
True
Is 288 a multiple of 16?
True
Does 18 divide 2106?
True
Is 1778 a multiple of 19?
False
Is 7560 a multiple of 15?
True
Is 139 a multiple of 7?
False
Is 5039 a multiple of 6?
False
Does 70 divide 16383?
False
Is 41360 a multiple of 47?
True
Is 19188 a multiple of 12?
True
Is 11 a factor of 11373?
False
Is 34 a factor of 782?
True
Is 7 a factor of 175?
True
Is 4972 a multiple of 22?
True
Is 3 a factor of 1213?
False
Does 97 divide 4171?
True
Is 14628 a multiple of 89?
False
Does 11 divide 242?
True
Is 1194 a multiple of 24?
False
Does 22 divide 10283?
False
Does 79 divide 4241?
False
Is 52 a factor of 24020?
False
Is 14 a factor of 3253?
False
Is 1755 a multiple of 24?
False
Is 4173 a multiple of 42?
False
Is 329 a multiple of 10?
False
Is 16 a factor of 272?
True
Does 37 divide 58280?
False
Does 23 divide 47932?
True
Is 52 a factor of 5177?
False
Is 56 a factor of 840?
True
Is 3584 a multiple of 7?
True
Is 67 a factor of 835?
False
Is 16357 a multiple of 13?
False
Is 61 a factor of 566?
False
Does 70 divide 1847?
False
Does 8 divide 10839?
False
Is 8311 a multiple of 43?
False
Is 140 a factor of 22783?
False
Is 835 a multiple of 17?
False
Is 340 a multiple of 68?
True
Does 3 divide 375?
True
Does 14 divide 1484?
True
Does 26 divide 1040?
True
Does 22 divide 505?
False
Is 374 a multiple of 6?
False
Does 11 divide 8239?
True
Is 3 a factor of 328?
False
Is 1614 a multiple of 25?
False
Is 117069 a multiple of 12?
False
Is 1128 a multiple of 24?
True
Is 77 a factor of 3838?
False
Is 338 a factor of 128778?
True
Is 20546 a multiple of 7?
False
Is 27 a factor of 3279?
False
Does 159 divide 48013?
False
Does 111 divide 13986?
True
Does 71 divide 46505?
True
Is 3 a factor of 8672?
False
Is 218 a multiple of 7?
False
Is 1474 a multiple of 6?
False
Is 11814 a multiple of 179?
True
Is 274 a multiple of 39?
False
Does 14 divide 1274?
True
Does 74 divide 21830?
True
Does 29 divide 69513?
True
Is 296 a factor of 33152?
True
Is 3510 a multiple of 19?
False
Is 4596 a multiple of 6?
True
Is 3 a factor of 6729?
True
Does 6 divide 264?
True
Is 17 a factor of 3995?
True
Does 10 divide 157?
False
Does 7 divide 1844?
False
Is 5 a factor of 1395?
True
Does 11 divide 2769?
False
Does 76 divide 9728?
True
Is 25 a factor of 361?
False
Does 15 divide 347?
False
Is 50 a factor of 660?
False
Is 1039 a multiple of 29?
False
Is 8 a factor of 11184?
True
Is 24380 a multiple of 115?
True
Is 4582 a multiple of 11?
False
Is 3916 a multiple of 11?
True
Is 25284 a multiple of 17?
False
Does 14 divide 68983?
False
Is 17606 a multiple of 2?
True
Is 15 a factor of 1605?
True
Does 76 divide 19821?
False
Is 3148 a multiple of 133?
False
Is 1001 a multiple of 13?
True
Does 23 divide 29520?
False
Is 42 a factor of 6481?
False
Does 53 divide 7128?
False
Does 44 divide 5155?
False
Is 1188 a multiple of 12?
True
Does 20 divide 2840?
True
Is 784 a multiple of 7?
True
Is 17 a factor of 237?
False
Is 23074 a multiple of 29?
False
Does 13 divide 6683?
False
Is 3903 a multiple of 88?
False
Is 34 a factor of 19944?
False
Is 4408 a multiple of 8?
True
Does 241 divide 22654?
True
Is 3 a factor of 5487?
True
Does 399 divide 63449?
False
Is 8 a factor of 1734?
False
Is 20 a factor of 1286?
False
Does 14 divide 406?
True
Is 149 a multiple of 11?
False
Is 26 a factor of 6256?
False
Is 25 a factor of 1150?
True
Does 38 divide 570?
True
Does 42 divide 12264?
True
Is 21224 a multiple of 56?
True
Is 2464 a multiple of 8?
True
Is 4473 a multiple of 63?
True
Is 4892 a multiple of 4?
True
Is 17 a factor of 6120?
True
Is 2502 a multiple of 139?
True
Is 25 a factor of 529?
False
Is 42 a factor of 12181?
False
Is 324 a multiple of 6?
True
Does 26 divide 126026?
False
Is 153 a factor of 29460?
False
Is 12 a factor of 7800?
True
Is 21 a factor of 410?
False
Does 38 divide 518?
False
Is 116 a multiple of 41?
False
Does 52 divide 18152?
False
Is 6810 a multiple of 21?
False
Does 10 divide 3211?
False
Is 81 a factor of 5589?
True
Is 7023 a multiple of 3?
True
Does 72 divide 53928?
True
Does 17 divide 3518?
False
Is 14756 a multiple of 17?
True
Is 96004 a multiple of 112?
False
Is 14 a factor of 1344?
True
Is 11 a factor of 50580?
False
Does 19 divide 4002?
False
Does 12 divide 4236?
True
Does 81 divide 729?
True
Is 3235 a multiple of 20?
False
Is 2448 a multiple of 9?
True
Is 15 a factor of 14025?
True
Is 4852 a multiple of 17?
False
Does 222 divide 19659?
False
Is 8 a factor of 1147?
False
Does 16 divide 57071?
False
Is 89 a multiple of 10?
False
Does 12 divide 16104?
True
Does 63 divide 126?
True
Is 18 a factor of 5318?
False
Is 23 a factor of 709?
False
Is 666 a multiple of 9?
True
Does 10 divide 1290?
True
Is 725 a multiple of 39?
False
Is 56 a factor of 3012?
False
Is 93 a multiple of 3?
True
Is 11 a factor of 465?
False
Does 12 divide 22201?
False
Does 10 divide 518?
False
Does 166 divide 20750?
True
Does 9 divide 1269?
True
Is 564 a multiple of 2?
True
Is 212 a multiple of 53?
True
Does 9 divide 6078?
False
Is 35 a factor of 770?
True
Does 8 divide 3254?
False
Is 1306 a multiple of 68?
False
Is 12 a factor of 4452?
True
Does 10 divide 10936?
False
Does 59 divide 649?
True
Is 5 a factor of 415?
True
Is 4 a factor of 554?
False
Is 3358 a multiple of 8?
False
Is 5976 a multiple of 12?
True
Does 27 divide 842?
False
Does 10 divide 1010?
True
Does 59 divide 413?
True
Does 32 divide 643?
False
Is 59 a factor of 1180?
True
Does 17 divide 789?
False
Does 17 divide 941?
False
Does 8 divide 30?
False
Does 253 divide 46805?
True
Is 23 a factor of 2967?
True
Is 111 a factor of 67710?
True
Is 1173 a multiple of 17?
True
Is 96 a factor of 33511?
False
Is 240 a multiple of 14?
False
Is 18955 a multiple of 100?
False
Is 35552 a multiple of 44?
True
Does 69 divide 2406?
False
Is 69 a multiple of 2?
False
Is 46 a factor of 10456?
False
Is 1437 a multiple of 4?
False
Is 889 a multiple of 11?
False
Does 80 divide 1580?
False
Is 13 a factor of 888?
False
Is 2275 a multiple of 10?
False
Does 7 divide 539?
True
Is 20526 a multiple of 33?
True
Is 5 a factor of 2435?
True
Does 22 divide 1848?
True
Is 14 a factor of 4156?
False
Does 106 divide 10070?
True
Does 104 divide 9228?
False
Is 7 a factor of 619?
False
Is 52 a factor of 260?
True
Is 40831 a multiple of 10?
False
Does 136 divide 1904?
True
Does 20 divide 79161?
False
Does 88 divide 707?
False
Does 41 divide 1312?
True
Is 12265 a multiple of 5?
True
Is 2375 a multiple of 19?
True
Is 46 a factor of 23368?
True
Does 79 divide 8216?
True
Does 3 divide 1603?
False
Is 26 a factor of 1378?
True
Does 8 divide 2248?
True
Does 53 divide 461?
False
Does 145 divide 7032?
False
Does 7 divide 699?
False
Does 136 divide 3400?
True
Does 3 divide 5016?
True
Is 2 a factor of 156?
True
Is 28 a factor of 3463?
False
Does 90 divide 16142?
False
Is 11 a factor of 11?
True
Is 63 a factor of 5961?
False
Does 5 divide 55?
True
Does 4 divide 1920?
True
Is 4 a factor of 253?
False
Does 12 divide 93?
False
Is 26 a factor of 4921?
False
Does 6 divide 4977?
False
Does 5 divide 247?
False
Is 9010 a multiple of 10?
True
Is 439 a factor of 53558?
True
Is 29 a factor of 1218?
True
Does 41 divide 2214?
True
Is 60 a factor of 6180?
True
Does 247 divide 12844?
True
Does 38 divide 6257?
False
Is 2 a factor of 1333?
False
Is 6